the remainder when 11 is divided by j(5)?
3
Let u = -30 + 1. Let n = u - -98. Calculate the remainder when n is divided by 12.
9
Let f(w) = 102*w. Let v be f(2). Let x(t) = 2*t. Let h be x(2). Suppose -5*r + q = -v, 0 = -h*r + 3*r - 5*q + 20. What is the remainder when r is divided by 14?
12
Suppose -2*b = -2*p - 3 + 25, -7 = -2*p - b. What is the remainder when p is divided by 3?
0
Suppose 0 = -4*t - 262 + 1106. Calculate the remainder when t is divided by 53.
52
Let f be (-4)/(-6)*12/8. Calculate the remainder when 20 is divided by 7 - (0/(-1))/f.
6
Let c be 2/(-5) - (-184)/(-40). Let a(o) be the third derivative of o**5/60 + o**4/24 + 2*o**3/3 - o**2. What is the remainder when a(c) is divided by 13?
11
Suppose 8 = -4*u + 3*i, -2*u - 3*i = 5 - 1. Let m = 9 + u. Let t(z) = -z**2 + 7*z + 7. What is the remainder when 19 is divided by t(m)?
5
Suppose 5*k - 6*y - 106 = -5*y, -k + 20 = y. Suppose -4*b + 18 = 5*s, 2*b - 5*b + 8 = s. Suppose b*p - 21 + 5 = 0. What is the remainder when k is divided by p?
5
Suppose -44*v = -40*v - 208. Calculate the remainder when v is divided by 19.
14
Let q(w) = w**3 - 10*w**2 + 11*w - 12. Calculate the remainder when 11 is divided by q(9).
5
Let u be (-1)/((-84)/(-86) - 1). Let g = u - 30. What is the remainder when 38 is divided by g?
12
Suppose 2*j + 32 = 4*i, -2*i + j = i - 22. Suppose 0 = -4*o - 2*l + i*l + 16, -5*o - 2*l = -20. Calculate the remainder when 9 is divided by o.
1
Suppose -p = 2*p - 12. Suppose -p*v - 4*c + 12 = 0, -9 = 2*c - 5*c. Calculate the remainder when 40 is divided by (1 + v/2)*14.
12
Let b be (-51)/(-6)*(0 - 2). Let o be b/(-3) - (-8)/(-12). Let w = o - 3. What is the remainder when w is divided by 2?
0
Suppose 2*o + 5*u = 44, 3*o - 3*u = -5*u + 55. Suppose 4*d - 5*d + 10 = 0. Calculate the remainder when o is divided by d.
7
Let n(w) = -w**2 - 3*w. Let p be n(-2). Suppose p*y - s = 0, 4*y + 2*s - 4 = 12. What is the remainder when 7 is divided by y?
1
Suppose -5*w = 2*q - 38, 2*w - 5*q = -5 - 3. What is the remainder when 31 is divided by w?
1
Suppose -3*x = x - 16. Let c(z) = -z**3 + 7*z**2 - 4*z - 5. What is the remainder when c(6) is divided by x?
3
What is the remainder when 2 is divided by (-1)/((-4)/(-24) + 4/(-6))?
0
Suppose 308 = 3*i - 4*s, 3*s = -0*i - i + 107. Suppose -3 = 3*q, -4*l + i = -q + 5*q. Calculate the remainder when 52 is divided by l.
25
Suppose 72 = 25*k - 23*k. Calculate the remainder when k is divided by 19.
17
Let b(g) be the second derivative of g**5/20 - 5*g**4/12 + 7*g**3/6 - g**2/2 - g. What is the remainder when b(6) is divided by 20?
17
Let l = 9 - 5. Suppose 2*u + 6 = -l. Let n(o) = -2*o. Calculate the remainder when 38 is divided by n(u).
8
Suppose -2397 = -9*r - 8*r. What is the remainder when r is divided by 29?
25
Suppose -11*u = -1016 + 279. What is the remainder when u is divided by 18?
13
Let v = -34 + 69. What is the remainder when v is divided by 12?
11
Let d be 9/5*110/33. What is the remainder when d/8 + 244/16 is divided by 9?
7
Let r = -53 - -57. What is the remainder when 9 is divided by r?
1
Calculate the remainder when (-2)/((-32)/(-212))*-4 is divided by 14.
11
Calculate the remainder when 0*(-2)/4 + (57 - 13) is divided by 17.
10
Let r = 7 + -5. Suppose -r*h = -0*h - 5*n - 12, 5*h - n - 30 = 0. What is the remainder when 17 is divided by h?
5
Suppose 2*i - 40 = 5*r - 4, -2*r - 40 = -4*i. Calculate the remainder when 29 is divided by i.
5
Let z = 133 - 117. What is the remainder when 79 is divided by z?
15
Let l(h) = h**3 + 6*h**2 + 4*h + 5. Suppose 4*v - 12 = 0, -7*v + 2*v = -3*y - 30. Calculate the remainder when 37 is divided by l(y).
7
Let j(l) be the second derivative of 4*l**3/3 - 3*l**2 + 2*l. Let b = -11 - -25. Calculate the remainder when j(4) is divided by b.
12
Suppose -5*r = -2*r - 18. Calculate the remainder when r is divided by 3.
0
Let j(n) = -n**3 - 5*n**2 - 2*n + 1. Suppose 6*k = 7*k + 1. Let h = k + 8. Calculate the remainder when j(-5) is divided by h.
4
Let p = -12 + 29. Let j = 6 - -25. Calculate the remainder when j is divided by p.
14
What is the remainder when ((-12)/18)/((-4)/3)*60 is divided by 8?
6
Let m = 66 + -47. What is the remainder when 64 is divided by m?
7
Let h be (-44)/8 - 3/(-2). Let c = h + 8. Calculate the remainder when 6 is divided by c.
2
Let y(f) be the first derivative of 10*f**3/3 + f - 1. What is the remainder when y(-1) is divided by 6?
5
Suppose 5*k + 0*k = 140. What is the remainder when 83 is divided by k?
27
Let b = 48 - 8. Calculate the remainder when 198 is divided by b.
38
Let b(u) = -u**3 + 5*u + 2. Suppose 15 = -9*q + 4*q + 3*z, 3*q - 2*z + 9 = 0. Let p = -38 + 65. What is the remainder when p is divided by b(q)?
13
Suppose 2*c - 89 - 11 = 0. Suppose 5*o - 3*o - 34 = 0. Calculate the remainder when c is divided by o.
16
Let b(t) = t**3 - 4*t**2 - 5*t - 3. Let m be b(5). Calculate the remainder when (11/m)/((-2)/6) is divided by 6.
5
Let t = 21 + -8. Suppose -2*l - 3 = -3*o, -2 - t = -5*o. Suppose 67*v - 98 = 53*v. What is the remainder when v is divided by l?
1
Let p(a) = -a**2 + 12*a - 1. Let r be p(7). Suppose 2*t + 3*m - r = 0, 70 - 2 = 4*t + 4*m. What is the remainder when 48 is divided by t?
14
Suppose 4 = -0*r + 2*r. Suppose -r*d + 4*v + 176 = 3*d, 3*d - 4*v = 104. Calculate the remainder when d is divided by 13.
10
Let x(i) = 24*i. Let t be (-3 - -2)*-1*1. What is the remainder when x(t) is divided by 13?
11
Let m = -11 - -25. Calculate the remainder when 55 is divided by m.
13
Suppose -19 + 83 = 8*a. What is the remainder when 30 is divided by a?
6
Suppose 3*b - 38 - 196 = 0. Suppose -3*j + j + b = 0. Calculate the remainder when j is divided by 11.
6
Suppose 0*y = y - 99. What is the remainder when y is divided by 25?
24
Let h(v) = 3*v**2 - 12*v - 1. What is the remainder when h(-5) is divided by 34?
32
Let h = 27 - 15. Calculate the remainder when 28 is divided by h.
4
Let h be (3 + -1)/(3/6). Suppose -2*m - 2*z + 66 = -14, -157 = -h*m - 3*z. What is the remainder when m is divided by 10?
7
Let n(q) = 2*q + 1. What is the remainder when n(6) is divided by 8?
5
Calculate the remainder when 8 is divided by -5*(1 + (-27)/15).
0
Let o = -11 + 16. Suppose -h + 3*l = h - 13, -4*l + 44 = o*h. Calculate the remainder when 13 is divided by h.
5
Let w be 3*(-2)/4*4. Let r be w/(-9) + (-4)/6. Suppose -4*h - 4*i + 48 = 0, r = 5*i - 0 - 15. Calculate the remainder when 17 is divided by h.
8
Let h be (1/2)/((-6)/(-60)). Suppose -h*g + 32 = -g. What is the remainder when 13 is divided by g?
5
Suppose 5*z - 27 - 43 = 0. Calculate the remainder when 38 is divided by z.
10
Let k be -2*15/(-6) - 0. Suppose 3*g = 3*a + 6, k*g = 4*a + 3*g. What is the remainder when 11 is divided by -1 - (3*-1 - a)?
3
Suppose 0*s = 5*s - 35. Suppose -2*q = -r - 4*q + 14, 2*q - 86 = -5*r. What is the remainder when r is divided by s?
4
Suppose 2*p = -3*p + 140. Let l be -2 - (-3)/((-6)/p). Let n = l + 32. What is the remainder when 31 is divided by n?
15
Let q be (-6)/12*(-25 + -1). Let c(n) = n**2 - 9*n + 1. What is the remainder when c(q) is divided by 14?
11
Let j = -2 - -8. What is the remainder when 20/j + 8/12 is divided by 3?
1
Suppose -4*u + 6 = 2. Suppose -5*w + 6 = 1. Let r = 0 + w. What is the remainder when r is divided by u?
0
Let t(n) = 3*n - 14. Let d be t(7). Suppose 4*s = d*s - 30. Suppose -2*a + 9 + 67 = 0. Calculate the remainder when a is divided by s.
8
Let z(g) be the first derivative of 37*g**3/3 - g - 1. Calculate the remainder when z(-1) is divided by 12/42 + 89/7.
10
Suppose c - 100 = -2*c + 4*f, -c = -f - 33. What is the remainder when c is divided by 17?
15
Suppose 1 = 4*d - 7. Suppose -28 = -d*w + 12. What is the remainder when w is divided by 7?
6
Let d(n) = n**2 + 45. Calculate the remainder when d(0) is divided by 12.
9
Suppose 0*g = -3*g - 36. What is the remainder when 3/(-12) + (-651)/g is divided by 19?
16
Suppose o = 6 + 3. Let h = -21 - -29. Let u = 13 - h. What is the remainder when o is divided by u?
4
Let d(t) = t**2 + 4*t - 4. Suppose 30 = 5*y - 5*i, -5*i = -y + 6 - 0. What is the remainder when d(y) is divided by 19?
18
Suppose 6*b = 4*b. Suppose 3*a + 2*t - 1 - 7 = b, 3*a = -3*t + 3. Calculate the remainder when 17 is divided by a.
5
Let k(q) = -q + 28. Let b 